
16
Calculate the highest common factor of 208 and 5057.
13
What is the highest common factor of 18 and 2439?
9
What is the greatest common factor of 4658 and 374?
34
What is the highest common factor of 114 and 2166?
114
What is the highest common divisor of 280 and 105?
35
Calculate the highest common factor of 92 and 3.
1
Calculate the highest common divisor of 287 and 41.
41
What is the greatest common factor of 204 and 22508?
68
Calculate the highest common factor of 14 and 1778.
14
Calculate the highest common factor of 56 and 2408.
56
What is the highest common divisor of 15928 and 181?
181
What is the highest common divisor of 3791 and 892?
223
Calculate the greatest common factor of 1165 and 5.
5
Calculate the greatest common factor of 1424 and 16.
16
What is the highest common factor of 3 and 681?
3
Calculate the greatest common divisor of 5 and 85.
5
Calculate the greatest common divisor of 322 and 69.
23
What is the greatest common factor of 289 and 34?
17
What is the highest common factor of 124 and 32?
4
Calculate the greatest common divisor of 21 and 1379.
7
What is the highest common factor of 4 and 484?
4
What is the greatest common divisor of 188 and 1081?
47
Calculate the greatest common divisor of 44 and 10516.
44
What is the greatest common factor of 168 and 6372?
12
What is the greatest common divisor of 9219 and 42?
21
What is the greatest common factor of 157 and 5495?
157
What is the greatest common factor of 912 and 4?
4
What is the highest common factor of 1505 and 430?
215
Calculate the greatest common factor of 266 and 1197.
133
Calculate the highest common factor of 561 and 33.
33
Calculate the highest common divisor of 17 and 2.
1
Calculate the greatest common divisor of 30247 and 812.
203
What is the highest common factor of 9 and 12?
3
What is the greatest common divisor of 21267 and 612?
153
Calculate the highest common factor of 18 and 198.
18
Calculate the greatest common factor of 153 and 117.
9
Calculate the highest common divisor of 5 and 1285.
5
Calculate the highest common factor of 108 and 1.
1
What is the greatest common divisor of 925 and 37?
37
Calculate the greatest common divisor of 7988 and 20.
4
What is the greatest common divisor of 26 and 39?
13
What is the highest common divisor of 36 and 25902?
18
What is the greatest common factor of 298 and 1937?
149
Calculate the highest common divisor of 315 and 567.
63
Calculate the greatest common factor of 63 and 882.
63
What is the greatest common factor of 15 and 195?
15
What is the highest common divisor of 28860 and 39?
39
What is the greatest common divisor of 365 and 20?
5
What is the highest common factor of 1520 and 80?
80
Calculate the greatest common divisor of 10168 and 744.
248
What is the highest common factor of 3390 and 120?
30
What is the greatest common factor of 8137 and 79?
79
What is the highest common factor of 273 and 42?
21
What is the highest common divisor of 475 and 703?
19
Calculate the highest common factor of 104 and 16.
8
What is the greatest common factor of 32 and 768?
32
What is the greatest common factor of 8 and 1844?
4
What is the greatest common factor of 44420 and 40?
20
Calculate the highest common factor of 291 and 24.
3
Calculate the greatest common divisor of 1482 and 190.
38
What is the greatest common factor of 64 and 16448?
64
Calculate the highest common divisor of 111 and 4773.
111
What is the highest common divisor of 1392 and 48?
48
What is the highest common factor of 4272 and 240?
48
What is the highest common divisor of 195 and 39?
39
What is the greatest common divisor of 57961 and 149?
149
What is the greatest common divisor of 836 and 5236?
44
Calculate the highest common divisor of 423 and 2679.
141
What is the highest common divisor of 72 and 54?
18
Calculate the greatest common divisor of 24 and 64.
8
Calculate the greatest common factor of 38 and 2641.
19
Calculate the greatest common factor of 793 and 13.
13
Calculate the highest common divisor of 405 and 315.
45
What is the highest common factor of 29 and 50663?
29
What is the greatest common divisor of 114 and 6?
6
What is the greatest common divisor of 3538 and 290?
58
What is the greatest common factor of 9 and 207?
9
What is the highest common factor of 135 and 2376?
27
What is the greatest common divisor of 320 and 16?
16
What is the greatest common divisor of 26 and 11206?
26
Calculate the highest common factor of 2756 and 13.
13
What is the greatest common factor of 76 and 34732?
76
Calculate the highest common factor of 1177 and 319.
11
What is the greatest common divisor of 1255 and 45?
5
Calculate the greatest common divisor of 57 and 247.
19
What is the greatest common divisor of 490 and 35?
35
What is the greatest common divisor of 12 and 2348?
4
Calculate the highest common factor of 19076 and 57.
19
What is the highest common factor of 2178 and 1694?
242
Calculate the highest common divisor of 1342 and 22.
22
What is the highest common divisor of 140 and 2576?
28
What is the greatest common factor of 119 and 153?
17
What is the highest common factor of 1275 and 17?
17
What is the greatest common factor of 80 and 35960?
40
Calculate the greatest common factor of 18 and 24.
6
Calculate the greatest common factor of 992 and 48.
16
What is the highest common factor of 1519 and 31?
31
What is the highest common factor of 21 and 18144?
21
What is the highest common factor of 19 and 22135?
19
What is the highest common divisor of 837 and 27?
27
What is the greatest common divisor of 2704 and 5746?
338
Calculate the greatest common divisor of 486 and 2646.
54
What is the greatest common factor of 280 and 1190?
70
Calculate the greatest common factor of 10 and 55.
5
What is the highest common divisor of 624 and 12?
12
Calculate the greatest common divisor of 385 and 825.
55
What is the highest common factor of 330 and 132?
66
What is the highest common divisor of 22414 and 14?
14
What is the greatest common factor of 30 and 165?
15
What is the highest common factor of 198 and 3652?
22
Calculate the greatest common factor of 1073 and 37.
37
Calculate the greatest common divisor of 1769 and 122.
61
Calculate the greatest common divisor of 1498 and 42.
14
Calculate the greatest common factor of 396 and 9944.
44
Calculate the highest common divisor of 1664 and 80.
16
What is the highest common factor of 522 and 29?
29
What is the highest common factor of 38 and 1634?
38
What is the highest common factor of 12 and 234?
6
What is the greatest common divisor of 71 and 568?
71
Calculate the greatest common factor of 390 and 715.
65
What is the highest common factor of 407 and 77?
11
Calculate the highest common divisor of 10416 and 616.
56
Calculate the greatest common divisor of 180 and 252.
36
What is the highest common divisor of 36 and 774?
18
What is the greatest common factor of 48 and 640?
16
What is the greatest common factor of 26 and 53?
1
Calculate the highest common divisor of 360 and 72.
72
Calculate the highest common factor of 70 and 1274.
14
What is the greatest common divisor of 27 and 6264?
27
What is the highest common factor of 120 and 2880?
120
What is the highest common divisor of 108 and 828?
36
What is the highest common divisor of 455 and 35?
35
What is the highest common divisor of 1085 and 4123?
217
What is the greatest common factor of 45 and 3945?
15
What is the highest common divisor of 414 and 92?
46
Calculate the highest common factor of 174 and 21750.
174
What is the highest common factor of 533 and 82?
41
Calculate the greatest common divisor of 2 and 302.
2
What is the greatest common divisor of 196 and 9?
1
Calculate the greatest common factor of 54 and 6858.
54
What is the highest common factor of 1504 and 235?
47
What is the greatest common divisor of 171 and 114?
57
Calculate the highest common factor of 28 and 1204.
28
Calculate the greatest common factor of 165 and 60.
15
What is the highest common factor of 12 and 384?
12
What is the greatest common divisor of 882 and 343?
49
Calculate the highest common factor of 36 and 1206.
18
What is the greatest common factor of 79 and 395?
79
Calculate the greatest common divisor of 387 and 153.
9
Calculate the highest common divisor of 60 and 9750.
30
Calcul